n + 2 = -z, 5*n = 2*z + 2*n + 15. Let r be c(z). Let v(l) = 7 + 4*l**2 - l + 6*l - 14 - 3*l**2. What is v(r)?
-7
Let t(k) = k + 11. Let h be (-1)/((-4)/(-18))*2. Let g be t(h). Let x(f) = -4*f + 0*f + 6*f + 1. Give x(g).
5
Let p(l) = l**3 - 5*l**2 + 2*l - 2. Let q(m) = -m**3 + 5*m**2 - 2*m + 3. Let d(u) = 6*p(u) + 5*q(u). Suppose 3*n - 17 - 13 = 0. Let r = 13 - n. Determine d(r).
-9
Let r(h) = 2*h**3 - 4*h**2 + 2*h + 1. Let f(k) = 8*k + 66. Let y be f(-8). Calculate r(y).
5
Let m be (1 + -1 - 3) + 0. Let u(w) = w. Let l(i) = i + 1. Let k(t) = m*l(t) + 2*u(t). Calculate k(-6).
3
Let s(o) = o - 2 + 0*o + 2*o. Suppose -5*k + 2*c = 0, k + 5*c - 2*c = 0. Suppose -1 = -3*y + v, -5*y - 4*v + 30 = -k. Determine s(y).
4
Let b(t) = t**2 - 5*t + 5. Let q(u) = -2*u**2 + 10*u - 10. Let g(r) = 5*b(r) + 3*q(r). Let o = 263 + -134. Let h be (-4)/(-18) + o/27. Determine g(h).
-5
Let f(p) = p**3 + 6*p**2 + 3*p - 4. Let a = -7 - -11. Suppose -w - a = 1. Determine f(w).
6
Let z(k) be the first derivative of -2*k - 3 - 1/2*k**2. Determine z(0).
-2
Let p(g) = -5*g**2 - 6*g - 4 + 2 - g**3 - 1. What is p(-4)?
5
Let c(j) = 2*j**2 + 7*j + 7. Suppose 0 = 4*x - 5*t + 40, 6*x - 2*x + 3*t + 8 = 0. Give c(x).
22
Let q(y) = -3*y + 5. Let a be q(7). Let t = a - -11. Let b(u) = -4*u**2 + 7*u - 2*u + 5*u**2 - 3. What is b(t)?
-3
Let o(f) be the first derivative of -f**5/120 - f**4/24 + 5*f**3/3 - 2. Let n(y) be the third derivative of o(y). Determine n(0).
-1
Let k(g) = -g**2 - 6*g - 3. Let z be k(-5). Let n be 1*(z + -3) + -1. Let q(m) = m**2 + 2*m + 3. Determine q(n).
3
Let t(y) = -y**3 - 14 + 6*y + 13 + 3*y**2 + 0*y**2. Calculate t(4).
7
Let y(k) be the third derivative of k**5/60 - 7*k**4/24 + k**3/2 - 3*k**2. Determine y(5).
-7
Suppose x + 3*x - 3*j = 13, 0 = -3*x + 3*j + 9. Suppose -4*z + 37 = -x*s - 11, 3*z - 12 = -3*s. Let m(o) = -3 + 6*o + 2*o**2 - z*o - 4*o**2. Calculate m(-2).
-7
Let l = 26 + -25. Let d(c) = -c. Calculate d(l).
-1
Let l = 55 + -63. Let a(u) = 3*u + 6. Determine a(l).
-18
Let c(b) = -2*b**2 + 3*b - 3. Let i be c(2). Let z(g) = -6*g - 9. Let q(j) = 5*j + 8. Let u(f) = 5*q(f) + 4*z(f). Determine u(i).
-1
Let c(y) = -9*y - 23. Let l(g) = -4*g - 11. Let a(t) = 3*c(t) - 7*l(t). Let r(j) = 3*j + 14 + 11 - 10. Let x(i) = 5*a(i) - 2*r(i). Calculate x(5).
5
Let i(t) = 7*t**3 - 13*t**2 + t + 3. Let r(b) = -15*b**3 + 28*b**2 - 3*b - 6. Let s(o) = 13*i(o) + 6*r(o). Give s(3).
6
Let k(h) = 4*h - 5. Let f(c) = 5*c - 5. Let o(l) = -3*f(l) + 4*k(l). Determine o(4).
-1
Let h(g) be the third derivative of 1/12*g**4 - 2*g**2 + 0 + 0*g - g**3. What is h(5)?
4
Let f(r) = r**2 - r + 1. Let s(y) = y**2 - 10*y - 2. Let x(u) = -2*f(u) + s(u). Give x(-6).
8
Let c(n) = n**3 + 11*n**2 - 7. Let d be c(-11). Let l(b) = b**3 + 6*b**2 - 7*b - 5. What is l(d)?
-5
Let o be -7 - (-4 - -3 - -1). Let k(m) = m**3 + 8*m**2 + 4*m - 7. Calculate k(o).
14
Let m(b) be the first derivative of b**4/4 - 4*b**3/3 + b + 1. Let n = 6 + -6. Let o be n + 6*(-3)/(-6). Determine m(o).
-8
Let k(g) = -g**2. Let w = -9 + 12. Determine k(w).
-9
Let o(m) = -m + 4. Let q = 0 - -1. Let s(h) = -2 + 2 - q. Let d(w) = o(w) - 2*s(w). Determine d(0).
6
Let d be (4/10)/(3/30). Let j(v) = -2*v + 6. What is j(d)?
-2
Let p(h) = h**2 - 3*h + 2. Let t be p(3). Let l(o) be the first derivative of -1/2*o**2 + 2*o - 1/3*o**3 - 2. What is l(t)?
-4
Suppose 0 = 3*t - 2*t + 3. Let i(m) = -m**2 - 3*m - 1. Calculate i(t).
-1
Let s(w) be the second derivative of -w**5/20 - w**4/12 + w**3/6 - 4*w**2 + 10*w + 2. What is s(0)?
-8
Let i(k) = k**2 + 4*k. Let z(l) be the second derivative of l**4/12 - 8*l**3/3 + 6*l**2 - 8*l. Let d be z(15). Calculate i(d).
-3
Let o = 5 - 9. Let y(w) = -w - 4. Let f be y(-7). Let c = o + f. Let v(m) = -6*m**2 - 2*m - 1. Calculate v(c).
-5
Let n(k) be the second derivative of k**3/3 + 5*k. Calculate n(2).
4
Suppose 10*w - 3 = 13*w. Let k(h) = 9*h**2 + 1. Calculate k(w).
10
Suppose 3*l + 4*q = -l + 36, 0 = 4*l + 5*q - 40. Let t(j) be the third derivative of -1/2*j**3 + 1/12*j**4 + 0*j + 2*j**2 + 0. Calculate t(l).
7
Let h(a) = -a - 8. Let j be 0 - -3*(0 - -1). Let i be 1/j*0/(-8). Calculate h(i).
-8
Let j(p) = 4*p**3 + 2*p**2 + 4 - 3*p**3 - 4*p**2 - p**2 - 7*p. Give j(5).
19
Let x(l) = 5*l**3 + 20*l**2 - 16*l - 36. Let g(h) = -h**3 - 4*h**2 + 3*h + 7. Let d(z) = -11*g(z) - 2*x(z). Give d(-4).
-1
Suppose -o = 8 - 7. Let j(c) = -19*c. Calculate j(o).
19
Let w(c) = -13 + 25 + c**2 - 4*c - 18. Suppose 0*s = -2*z - 5*s + 32, z - s = 2. Give w(z).
6
Let z(r) = -r**3 - 4*r**2 + 3*r + 4. Let f = 2 - 2. Suppose -s + 3 = -f. Suppose s*y + 2*y = -20. What is z(y)?
-8
Let q(f) = -2 - 3 - f**2 + 6*f + 12 - 6. What is q(6)?
1
Suppose 0 = -5*q - 0*q - 5*x + 30, 3*x - 8 = -2*q. Suppose 2*t = -4*n - 3 - 11, -5*n + 3*t - 34 = 0. Let d be 4/n*q/(-4). Let g(z) = 5*z - 2. Calculate g(d).
8
Let m(n) be the third derivative of -n**4/12 - 2*n**3/3 - 33*n**2. What is m(3)?
-10
Let l(f) = 3*f + 12. Let s be l(-4). Let w(b) be the third derivative of -1/12*b**4 + 0 + 5/6*b**3 + 2*b**2 + s*b. Give w(4).
-3
Let f(a) = -2*a**3 - 2*a**2 + 8*a - 4. Let p(c) = -c**3 + c**2 + c. Let l(g) = f(g) - 3*p(g). Give l(4).
0
Let c(u) = 5 - 5 - 6 - 2*u. Let g = 261 - 266. Determine c(g).
4
Let w = 3 - 6. Let d(y) = 0*y + 0 + 3 + y. What is d(w)?
0
Suppose 5*m + 0*m = 80. Suppose -2*n + 6*n = m. Let u(c) = 5*c + 3 - n - 6*c. What is u(0)?
-1
Let w(s) be the second derivative of 3*s - 5/12*s**4 + 5/2*s**2 + 0 + 1/6*s**3 - 1/20*s**5. Give w(-5).
0
Let w(x) = -x - 4*x + 8*x - 2*x. Determine w(6).
6
Let z = 3 + 0. Let w be 1 + 0 - z/1. Let r(g) = -2*g**3 - 2*g**2 - 2. Give r(w).
6
Let w(t) = -44*t + 14*t + 13*t + 12*t. Calculate w(2).
-10
Let j(k) = k**3 + 8*k**2 + 4*k - 6. Let n(g) = -g**3 - 9*g**2 - 5*g + 7. Let i(z) = 5*j(z) + 4*n(z). Give i(-2).
6
Let v be 36/(-12) + 8/2. Let k(o) = o**2 + 3*o + 2. Let s be k(-3). Let p(g) = 3*g + 7*g**3 - 4*g + 2*g - s*g**2. What is p(v)?
6
Let w(l) = l**3 + 4*l**2 + 2*l + 5. Let o be w(-4). Let y(c) = 2 - 4*c**2 + 3*c**2 - 1 - 4*c. Give y(o).
4
Let z(y) = -5*y**3 + y**2 - 1. Suppose -13*f + 17*f = 4. What is z(f)?
-5
Let s(o) = o**2 - 4*o - 2. Let f be s(6). Let j = 8 - f. Let l(x) = x + 1. What is l(j)?
-1
Let g(i) = -i - 2. Suppose -c - 4*h = -14, -2*c + 5*h = 3*c + 55. Give g(c).
4
Let g(q) = -q**3 + 3*q**2 + 5*q - 4. Let r be -1*1/2*12. Let x be (-6)/(r/4 - 0). Suppose -x*b - b + 20 = 0. Give g(b).
0
Let w(v) be the first derivative of -v**6/120 - v**5/20 - 2*v**3/3 + 7*v**2/2 + 10. Let c(a) be the second derivative of w(a). Give c(-3).
-4
Suppose -3*q + 4*o = -5 - 19, 0 = q + o - 1. Let s(w) be the second derivative of -3*w - w**2 + 0 - 1/6*w**q - 1/3*w**3. Give s(-2).
-6
Let y(v) = v + 1. Suppose 12 - 3 = 3*q. Let h be y(q). Let u(c) = 0*c + 1 + 5*c - h + 1. What is u(2)?
8
Let g(s) be the first derivative of s**5/40 + s**4/8 + 8*s**3/3 - 1. Let o(q) be the third derivative of g(q). What is o(-3)?
-6
Suppose -5*h = -h + 28. Let s = 15 + h. Let o = -3 + s. Let u(t) = -2*t + 7. Give u(o).
-3
Let j(c) = 2*c**3 + 10*c**2 - c - 4. Let t be j(-5). Let h(l) = 8*l**2. Give h(t).
8
Let z(f) = -f**2 - 5*f. Let c(v) = 0 - 19 + 4 + v. Let q be c(11). Calculate z(q).
4
Let h be (-6)/10 + 183/5. Let d be (-4)/(-18) + (-8)/h. Let k(c) = c**2 + 7. What is k(d)?
7
Let d(z) = z + 4. Let j(s) be the third derivative of -s**4/12 - 3*s**3/2 - 4*s**2. Let n(g) = 5*d(g) + 3*j(g). Calculate n(-6).
-1
Let u = -2 - 0. Let v(q) = -q + 12*q**3 - 11*q**3 + 0*q. What is v(u)?
-6
Suppose 4*k = -4*x - 28, k = 3*x + 5*k + 24. Let y(s) = 2*s + 1. Determine y(x).
-7
Let d(w) = w**3 + 6*w**2 + 5*w + 3. Let q be d(-5). Suppose -6*s + q*s = 6. Let h be 2 + (s - -2) + -3. Let a(x) = -9*x + 1. Give a(h).
10
Suppose -3*b + 3 = -3*r, -2*b - 2*r = 6 - 4. Let p = b - -1. Let h(u) be the third derivative of -5*u**4/24 - u**3/6 + 7*u**2. Determine h(p).
-6
Let m(s) be the third derivative of -s**5/60 + s**4/12 - s**3/6 - 8*s**2. Give m(3).
-4
Let x(j) be the second derivative of 3/2*j**2 + 0 + 1/12*j**4 - 1/3*j**3 + 2*j. Suppose -t + 3 = -0. What is x(t)?
6
Suppose -2*b - 8 = -4*y, -5 = 2*b + 3*y - 6*y. Let p(o) = o**2 - o + 5*o + 1 + b + 0*o. Determine p(-2).
-1
Let j(s) = s**2 - 2. Let y(n) = 6*n + 27. Let t be y(-5). Calculate j(t).
7
Let v(j) 